[INFO] fetching crate ursa 0.3.6...
[INFO] building ursa-0.3.6 against master#881c1ac408d93bb7adaa3a51dabab9266e82eee8 for issue-85264
[INFO] extracting crate ursa 0.3.6 into /workspace/builds/worker-0/source
[INFO] validating manifest of crates.io crate ursa 0.3.6 on toolchain 881c1ac408d93bb7adaa3a51dabab9266e82eee8
[INFO] running `Command { std: "/workspace/cargo-home/bin/cargo" "+881c1ac408d93bb7adaa3a51dabab9266e82eee8" "metadata" "--manifest-path" "Cargo.toml" "--no-deps", kill_on_drop: false }`
[INFO] started tweaking crates.io crate ursa 0.3.6
[INFO] finished tweaking crates.io crate ursa 0.3.6
[INFO] tweaked toml for crates.io crate ursa 0.3.6 written to /workspace/builds/worker-0/source/Cargo.toml
[INFO] running `Command { std: "/workspace/cargo-home/bin/cargo" "+881c1ac408d93bb7adaa3a51dabab9266e82eee8" "generate-lockfile" "--manifest-path" "Cargo.toml" "-Zno-index-update", kill_on_drop: false }`
[INFO] running `Command { std: "/workspace/cargo-home/bin/cargo" "+881c1ac408d93bb7adaa3a51dabab9266e82eee8" "fetch" "--manifest-path" "Cargo.toml", kill_on_drop: false }`
[INFO] [stderr]     Blocking waiting for file lock on package cache
[INFO] [stderr]  Downloading crates ...
[INFO] [stderr]   Downloaded ffi-support v0.4.3
[INFO] [stderr]   Downloaded sha2-asm v0.5.5
[INFO] [stderr]   Downloaded bytebuffer-rs v0.3.1
[INFO] [stderr]   Downloaded libsodium-ffi v0.2.2
[INFO] running `Command { std: "docker" "create" "-v" "/var/lib/crater-agent-workspace/builds/worker-0/target:/opt/rustwide/target:rw,Z" "-v" "/var/lib/crater-agent-workspace/builds/worker-0/source:/opt/rustwide/workdir:ro,Z" "-v" "/var/lib/crater-agent-workspace/cargo-home:/opt/rustwide/cargo-home:ro,Z" "-v" "/var/lib/crater-agent-workspace/rustup-home:/opt/rustwide/rustup-home:ro,Z" "-e" "SOURCE_DIR=/opt/rustwide/workdir" "-e" "CARGO_TARGET_DIR=/opt/rustwide/target" "-e" "CARGO_HOME=/opt/rustwide/cargo-home" "-e" "RUSTUP_HOME=/opt/rustwide/rustup-home" "-w" "/opt/rustwide/workdir" "-m" "1610612736" "--user" "0:0" "--network" "none" "ghcr.io/rust-lang/crates-build-env/linux@sha256:20528e8c29e4536546f0102ce88568b16ea7538393a33fcca951030f7af10457" "/opt/rustwide/cargo-home/bin/cargo" "+881c1ac408d93bb7adaa3a51dabab9266e82eee8" "metadata" "--no-deps" "--format-version=1", kill_on_drop: false }`
[INFO] [stdout] 00559187bb3d9ddbaa01f98da07b5499e6c3266e539246ab95d672bc695c17dd
[INFO] [stderr] WARNING: Your kernel does not support swap limit capabilities or the cgroup is not mounted. Memory limited without swap.
[INFO] running `Command { std: "docker" "start" "-a" "00559187bb3d9ddbaa01f98da07b5499e6c3266e539246ab95d672bc695c17dd", kill_on_drop: false }`
[INFO] running `Command { std: "docker" "inspect" "00559187bb3d9ddbaa01f98da07b5499e6c3266e539246ab95d672bc695c17dd", kill_on_drop: false }`
[INFO] running `Command { std: "docker" "rm" "-f" "00559187bb3d9ddbaa01f98da07b5499e6c3266e539246ab95d672bc695c17dd", kill_on_drop: false }`
[INFO] [stdout] 00559187bb3d9ddbaa01f98da07b5499e6c3266e539246ab95d672bc695c17dd
[INFO] running `Command { std: "docker" "create" "-v" "/var/lib/crater-agent-workspace/builds/worker-0/target:/opt/rustwide/target:rw,Z" "-v" "/var/lib/crater-agent-workspace/builds/worker-0/source:/opt/rustwide/workdir:ro,Z" "-v" "/var/lib/crater-agent-workspace/cargo-home:/opt/rustwide/cargo-home:ro,Z" "-v" "/var/lib/crater-agent-workspace/rustup-home:/opt/rustwide/rustup-home:ro,Z" "-e" "SOURCE_DIR=/opt/rustwide/workdir" "-e" "CARGO_TARGET_DIR=/opt/rustwide/target" "-e" "CARGO_INCREMENTAL=0" "-e" "RUST_BACKTRACE=full" "-e" "RUSTFLAGS=--cap-lints=forbid" "-e" "CARGO_HOME=/opt/rustwide/cargo-home" "-e" "RUSTUP_HOME=/opt/rustwide/rustup-home" "-w" "/opt/rustwide/workdir" "-m" "1610612736" "--user" "0:0" "--network" "none" "ghcr.io/rust-lang/crates-build-env/linux@sha256:20528e8c29e4536546f0102ce88568b16ea7538393a33fcca951030f7af10457" "/opt/rustwide/cargo-home/bin/cargo" "+881c1ac408d93bb7adaa3a51dabab9266e82eee8" "build" "--frozen" "--message-format=json", kill_on_drop: false }`
[INFO] [stdout] 7591948a7f2954b1af899e0ecc2fdb878f0c408e89245420164d0e8de945daee
[INFO] [stderr] WARNING: Your kernel does not support swap limit capabilities or the cgroup is not mounted. Memory limited without swap.
[INFO] running `Command { std: "docker" "start" "-a" "7591948a7f2954b1af899e0ecc2fdb878f0c408e89245420164d0e8de945daee", kill_on_drop: false }`
[INFO] [stderr]    Compiling typenum v1.13.0
[INFO] [stderr]    Compiling proc-macro2 v1.0.27
[INFO] [stderr]    Compiling autocfg v1.0.1
[INFO] [stderr]    Compiling unicode-xid v0.2.2
[INFO] [stderr]    Compiling subtle v2.4.0
[INFO] [stderr]    Compiling getrandom v0.1.16
[INFO] [stderr]    Compiling autocfg v0.1.7
[INFO] [stderr]    Compiling rand_core v0.4.2
[INFO] [stderr]    Compiling lazy_static v1.4.0
[INFO] [stderr]    Compiling wyz v0.2.0
[INFO] [stderr]    Compiling radium v0.3.0
[INFO] [stderr]    Compiling rayon-core v1.9.1
[INFO] [stderr]    Compiling byte-tools v0.3.1
[INFO] [stderr]    Compiling scopeguard v1.1.0
[INFO] [stderr]    Compiling const-oid v0.4.5
[INFO] [stderr]    Compiling cpuid-bool v0.2.0
[INFO] [stderr]    Compiling ppv-lite86 v0.2.10
[INFO] [stderr]    Compiling pkg-config v0.3.19
[INFO] [stderr]    Compiling opaque-debug v0.2.3
[INFO] [stderr]    Compiling subtle v1.0.0
[INFO] [stderr]    Compiling keccak v0.1.0
[INFO] [stderr]    Compiling either v1.6.1
[INFO] [stderr]    Compiling log v0.4.14
[INFO] [stderr]    Compiling block-padding v0.2.1
[INFO] [stderr]    Compiling fake-simd v0.1.2
[INFO] [stderr]    Compiling miracl_core v1.0.0
[INFO] [stderr]    Compiling int_traits v0.1.1
[INFO] [stderr]    Compiling amcl v0.2.0
[INFO] [stderr]    Compiling hex v0.4.3
[INFO] [stderr]    Compiling secp256k1-sys v0.3.0
[INFO] [stderr]    Compiling block-padding v0.1.5
[INFO] [stderr]    Compiling der v0.1.0
[INFO] [stderr]    Compiling bitvec v0.18.5
[INFO] [stderr]    Compiling rand_core v0.3.1
[INFO] [stderr]    Compiling rand_jitter v0.1.4
[INFO] [stderr]    Compiling c2-chacha v0.2.4
[INFO] [stderr]    Compiling time v0.1.44
[INFO] [stderr]    Compiling rand_isaac v0.1.1
[INFO] [stderr]    Compiling rand_hc v0.1.0
[INFO] [stderr]    Compiling rand_xorshift v0.1.1
[INFO] [stderr]    Compiling rand_core v0.5.1
[INFO] [stderr]    Compiling pkcs8 v0.3.3
[INFO] [stderr]    Compiling crossbeam-utils v0.8.4
[INFO] [stderr]    Compiling memoffset v0.6.4
[INFO] [stderr]    Compiling miniz_oxide v0.4.4
[INFO] [stderr]    Compiling rayon v1.5.1
[INFO] [stderr]    Compiling rand_pcg v0.1.2
[INFO] [stderr]    Compiling rand_chacha v0.1.1
[INFO] [stderr]    Compiling rand v0.6.5
[INFO] [stderr]    Compiling rand_chacha v0.2.1
[INFO] [stderr]    Compiling openssl-sys v0.9.63
[INFO] [stderr]    Compiling rand v0.7.3
[INFO] [stderr]    Compiling quote v1.0.9
[INFO] [stderr]    Compiling syn v1.0.72
[INFO] [stderr]    Compiling crossbeam-epoch v0.9.4
[INFO] [stderr]    Compiling crossbeam-channel v0.5.1
[INFO] [stderr]    Compiling backtrace v0.3.59
[INFO] [stderr]    Compiling openssl v0.10.34
[INFO] [stderr]    Compiling crossbeam-deque v0.8.0
[INFO] [stderr]    Compiling generic-array v0.14.4
[INFO] [stderr]    Compiling generic-array v0.12.4
[INFO] [stderr]    Compiling digest v0.8.1
[INFO] [stderr]    Compiling block-buffer v0.7.3
[INFO] [stderr]    Compiling crypto-mac v0.7.0
[INFO] [stderr]    Compiling hmac v0.7.1
[INFO] [stderr]    Compiling ff v0.8.0
[INFO] [stderr]    Compiling sha3 v0.8.2
[INFO] [stderr]    Compiling sha2 v0.8.2
[INFO] [stderr]    Compiling digest v0.9.0
[INFO] [stderr]    Compiling cipher v0.2.5
[INFO] [stderr]    Compiling universal-hash v0.4.0
[INFO] [stderr]    Compiling block-buffer v0.9.0
[INFO] [stderr]    Compiling crypto-mac v0.10.0
[INFO] [stderr]    Compiling aead v0.3.2
[INFO] [stderr]    Compiling crypto-mac v0.8.0
[INFO] [stderr]    Compiling group v0.8.0
[INFO] [stderr]    Compiling hkdf v0.8.0
[INFO] [stderr]    Compiling polyval v0.4.5
[INFO] [stderr]    Compiling poly1305 v0.6.2
[INFO] [stderr]    Compiling signature v1.2.2
[INFO] [stderr]    Compiling sha2 v0.9.5
[INFO] [stderr]    Compiling blake2 v0.9.1
[INFO] [stderr]    Compiling hmac v0.10.1
[INFO] [stderr]    Compiling aes-soft v0.6.4
[INFO] [stderr]    Compiling ctr v0.6.0
[INFO] [stderr]    Compiling block-modes v0.7.0
[INFO] [stderr]    Compiling ghash v0.3.1
[INFO] [stderr]    Compiling ed25519 v1.1.1
[INFO] [stderr]    Compiling aes v0.6.0
[INFO] [stderr]    Compiling aes-gcm v0.8.0
[INFO] [stderr]    Compiling synstructure v0.12.4
[INFO] [stderr]    Compiling zeroize_derive v1.1.0
[INFO] [stderr]    Compiling serde_derive v1.0.126
[INFO] [stderr]    Compiling failure_derive v0.1.8
[INFO] [stderr]    Compiling zeroize v1.3.0
[INFO] [stderr]    Compiling failure v0.1.8
[INFO] [stderr]    Compiling elliptic-curve v0.8.5
[INFO] [stderr]    Compiling curve25519-dalek v3.1.0
[INFO] [stderr]    Compiling subtle-encoding v0.5.1
[INFO] [stderr]    Compiling chacha20 v0.6.0
[INFO] [stderr]    Compiling chacha20poly1305 v0.7.1
[INFO] [stderr]    Compiling ecdsa v0.10.2
[INFO] [stderr]    Compiling x25519-dalek v1.1.1
[INFO] [stderr]    Compiling k256 v0.7.3
[INFO] [stderr]    Compiling serde v1.0.126
[INFO] [stderr]    Compiling serde_bytes v0.11.5
[INFO] [stderr]    Compiling serde_json v1.0.64
[INFO] [stderr]    Compiling secp256k1 v0.19.0
[INFO] [stderr]    Compiling ed25519-dalek v1.0.1
[INFO] [stderr]    Compiling amcl_wrapper v0.4.0
[INFO] [stderr]    Compiling ursa v0.3.6 (/opt/rustwide/workdir)
[INFO] [stdout] warning: trait objects without an explicit `dyn` are deprecated
[INFO] [stdout]   --> src/errors/mod.rs:92:22
[INFO] [stdout]    |
[INFO] [stdout] 92 |         for cause in Fail::iter_chain(&self.inner) {
[INFO] [stdout]    |                      ^^^^ help: use `dyn`: `<dyn Fail>`
[INFO] [stdout]    |
[INFO] [stdout]    = note: `#[warn(bare_trait_objects)]` on by default
[INFO] [stdout]    = warning: this was previously accepted by the compiler but is being phased out; it will become a hard error in the 2021 edition!
[INFO] [stdout]    = note: for more information, see issue #80165 <https://github.com/rust-lang/rust/issues/80165>
[INFO] [stdout] 
[INFO] [stdout] 
[INFO] [stdout] warning: constant is never used: `PUBLIC_UNCOMPRESSED_KEY_SIZE`
[INFO] [stdout]    --> src/kex/secp256k1.rs:133:5
[INFO] [stdout]     |
[INFO] [stdout] 133 |     const PUBLIC_UNCOMPRESSED_KEY_SIZE: usize = 65;
[INFO] [stdout]     |     ^^^^^^^^^^^^^^^^^^^^^^^^^^^^^^^^^^^^^^^^^^^^^^^
[INFO] [stdout]     |
[INFO] [stdout]     = note: `#[warn(dead_code)]` on by default
[INFO] [stdout] 
[INFO] [stdout] 
[INFO] [stdout] warning: 2 warnings emitted
[INFO] [stdout] 
[INFO] [stdout] 
[INFO] [stderr]     Finished dev [unoptimized + debuginfo] target(s) in 2m 22s
[INFO] running `Command { std: "docker" "inspect" "7591948a7f2954b1af899e0ecc2fdb878f0c408e89245420164d0e8de945daee", kill_on_drop: false }`
[INFO] running `Command { std: "docker" "rm" "-f" "7591948a7f2954b1af899e0ecc2fdb878f0c408e89245420164d0e8de945daee", kill_on_drop: false }`
[INFO] [stdout] 7591948a7f2954b1af899e0ecc2fdb878f0c408e89245420164d0e8de945daee
[INFO] running `Command { std: "docker" "create" "-v" "/var/lib/crater-agent-workspace/builds/worker-0/target:/opt/rustwide/target:rw,Z" "-v" "/var/lib/crater-agent-workspace/builds/worker-0/source:/opt/rustwide/workdir:ro,Z" "-v" "/var/lib/crater-agent-workspace/cargo-home:/opt/rustwide/cargo-home:ro,Z" "-v" "/var/lib/crater-agent-workspace/rustup-home:/opt/rustwide/rustup-home:ro,Z" "-e" "SOURCE_DIR=/opt/rustwide/workdir" "-e" "CARGO_TARGET_DIR=/opt/rustwide/target" "-e" "CARGO_INCREMENTAL=0" "-e" "RUST_BACKTRACE=full" "-e" "RUSTFLAGS=--cap-lints=forbid" "-e" "CARGO_HOME=/opt/rustwide/cargo-home" "-e" "RUSTUP_HOME=/opt/rustwide/rustup-home" "-w" "/opt/rustwide/workdir" "-m" "1610612736" "--user" "0:0" "--network" "none" "ghcr.io/rust-lang/crates-build-env/linux@sha256:20528e8c29e4536546f0102ce88568b16ea7538393a33fcca951030f7af10457" "/opt/rustwide/cargo-home/bin/cargo" "+881c1ac408d93bb7adaa3a51dabab9266e82eee8" "test" "--frozen" "--no-run" "--message-format=json", kill_on_drop: false }`
[INFO] [stdout] 19c6becd74dbb67159eafc20279314b7e31d14b672fb3dab79e3d613decd0bc0
[INFO] [stderr] WARNING: Your kernel does not support swap limit capabilities or the cgroup is not mounted. Memory limited without swap.
[INFO] running `Command { std: "docker" "start" "-a" "19c6becd74dbb67159eafc20279314b7e31d14b672fb3dab79e3d613decd0bc0", kill_on_drop: false }`
[INFO] [stderr]    Compiling memchr v2.4.0
[INFO] [stderr]    Compiling glob v0.3.0
[INFO] [stderr]    Compiling unicode-width v0.1.8
[INFO] [stderr]    Compiling ansi_term v0.11.0
[INFO] [stderr]    Compiling quick-error v1.2.3
[INFO] [stderr]    Compiling strsim v0.8.0
[INFO] [stderr]    Compiling vec_map v0.8.2
[INFO] [stderr]    Compiling termcolor v1.1.2
[INFO] [stderr]    Compiling bindgen v0.52.0
[INFO] [stderr]    Compiling curl v0.4.38
[INFO] [stderr]    Compiling peeking_take_while v0.1.2
[INFO] [stderr]    Compiling rustc-hash v1.1.0
[INFO] [stderr]    Compiling shlex v0.1.1
[INFO] [stderr]    Compiling lazycell v1.3.0
[INFO] [stderr]    Compiling vcpkg v0.2.13
[INFO] [stderr]    Compiling unwrap v1.2.1
[INFO] [stderr]    Compiling libz-sys v1.1.3
[INFO] [stderr]    Compiling libloading v0.5.2
[INFO] [stderr]    Compiling curl-sys v0.4.44+curl-7.77.0
[INFO] [stderr]    Compiling bzip2-sys v0.1.10+1.0.8
[INFO] [stderr]    Compiling num-traits v0.2.11
[INFO] [stderr]    Compiling regex-automata v0.1.9
[INFO] [stderr]    Compiling bytebuffer-rs v0.3.1
[INFO] [stderr]    Compiling itertools v0.9.0
[INFO] [stderr]    Compiling itertools v0.10.0
[INFO] [stderr]    Compiling humantime v1.3.0
[INFO] [stderr]    Compiling textwrap v0.11.0
[INFO] [stderr]    Compiling crc32fast v1.2.1
[INFO] [stderr]    Compiling atty v0.2.14
[INFO] [stderr]    Compiling filetime v0.2.14
[INFO] [stderr]    Compiling xattr v0.2.2
[INFO] [stderr]    Compiling which v3.1.1
[INFO] [stderr]    Compiling clap v2.33.3
[INFO] [stderr]    Compiling thiserror-impl v1.0.25
[INFO] [stderr]    Compiling flate2 v1.0.20
[INFO] [stderr]    Compiling tar v0.4.35
[INFO] [stderr]    Compiling serde_cbor v0.11.1
[INFO] [stderr]    Compiling tinytemplate v1.2.1
[INFO] [stdout] warning: trait objects without an explicit `dyn` are deprecated
[INFO] [stdout]   --> src/errors/mod.rs:92:22
[INFO] [stdout]    |
[INFO] [stdout] 92 |         for cause in Fail::iter_chain(&self.inner) {
[INFO] [stdout]    |                      ^^^^ help: use `dyn`: `<dyn Fail>`
[INFO] [stdout]    |
[INFO] [stdout]    = note: `#[warn(bare_trait_objects)]` on by default
[INFO] [stdout]    = warning: this was previously accepted by the compiler but is being phased out; it will become a hard error in the 2021 edition!
[INFO] [stdout]    = note: for more information, see issue #80165 <https://github.com/rust-lang/rust/issues/80165>
[INFO] [stdout] 
[INFO] [stdout] 
[INFO] [stdout] warning: constant is never used: `PUBLIC_UNCOMPRESSED_KEY_SIZE`
[INFO] [stdout]    --> src/kex/secp256k1.rs:133:5
[INFO] [stdout]     |
[INFO] [stdout] 133 |     const PUBLIC_UNCOMPRESSED_KEY_SIZE: usize = 65;
[INFO] [stdout]     |     ^^^^^^^^^^^^^^^^^^^^^^^^^^^^^^^^^^^^^^^^^^^^^^^
[INFO] [stdout]     |
[INFO] [stdout]     = note: `#[warn(dead_code)]` on by default
[INFO] [stdout] 
[INFO] [stdout] 
[INFO] [stdout] warning: 2 warnings emitted
[INFO] [stdout] 
[INFO] [stdout] 
[INFO] [stderr]    Compiling clang-sys v0.28.1
[INFO] [stderr]    Compiling aho-corasick v0.7.18
[INFO] [stderr]    Compiling nom v4.2.3
[INFO] [stderr]    Compiling csv-core v0.1.10
[INFO] [stderr]    Compiling bstr v0.2.16
[INFO] [stderr]    Compiling criterion-plot v0.4.3
[INFO] [stderr]    Compiling bzip2 v0.3.3
[INFO] [stderr]    Compiling plotters v0.3.0
[INFO] [stderr]    Compiling csv v1.1.6
[INFO] [stderr]    Compiling cexpr v0.3.6
[INFO] [stderr]    Compiling regex v1.5.4
[INFO] [stderr]    Compiling thiserror v1.0.25
[INFO] [stderr]    Compiling zip v0.5.12
[INFO] [stderr]    Compiling env_logger v0.7.1
[INFO] [stderr]    Compiling criterion v0.3.4
[INFO] [stderr]    Compiling libsodium-ffi v0.2.2
[INFO] [stderr]    Compiling ursa v0.3.6 (/opt/rustwide/workdir)
[INFO] [stdout] error[E0433]: failed to resolve: maybe a missing crate `libsecp256k1`?
[INFO] [stdout]    --> src/kex/secp256k1.rs:230:13
[INFO] [stdout]     |
[INFO] [stdout] 230 |         use libsecp256k1::{
[INFO] [stdout]     |             ^^^^^^^^^^^^ maybe a missing crate `libsecp256k1`?
[INFO] [stdout] 
[INFO] [stdout] 
[INFO] [stdout] error[E0433]: failed to resolve: use of undeclared type `SecretKey`
[INFO] [stdout]    --> src/kex/secp256k1.rs:238:19
[INFO] [stdout]     |
[INFO] [stdout] 238 |         let sk1 = SecretKey::from_slice(&sk[..]).unwrap();
[INFO] [stdout]     |                   ^^^^^^^^^ not found in this scope
[INFO] [stdout]     |
[INFO] [stdout] help: consider importing one of these items
[INFO] [stdout]     |
[INFO] [stdout] 203 |     use bitcoinsecp256k1::SecretKey;
[INFO] [stdout]     |
[INFO] [stdout] 203 |     use ed25519_dalek::SecretKey;
[INFO] [stdout]     |
[INFO] [stdout] 203 |     use k256::SecretKey;
[INFO] [stdout]     |
[INFO] [stdout] 203 |     use k256::elliptic_curve::SecretKey;
[INFO] [stdout]     |
[INFO] [stdout] 
[INFO] [stdout] 
[INFO] [stdout] error[E0433]: failed to resolve: use of undeclared type `SharedSecret`
[INFO] [stdout]    --> src/kex/secp256k1.rs:240:22
[INFO] [stdout]     |
[INFO] [stdout] 240 |         let secret = SharedSecret::new(&pk1, &sk1);
[INFO] [stdout]     |                      ^^^^^^^^^^^^ not found in this scope
[INFO] [stdout]     |
[INFO] [stdout] help: consider importing one of these items
[INFO] [stdout]     |
[INFO] [stdout] 203 |     use bitcoinsecp256k1::ecdh::SharedSecret;
[INFO] [stdout]     |
[INFO] [stdout] 203 |     use k256::ecdh::SharedSecret;
[INFO] [stdout]     |
[INFO] [stdout] 203 |     use k256::elliptic_curve::ecdh::SharedSecret;
[INFO] [stdout]     |
[INFO] [stdout] 203 |     use x25519_dalek::SharedSecret;
[INFO] [stdout]     |
[INFO] [stdout] 
[INFO] [stdout] 
[INFO] [stdout] warning: trait objects without an explicit `dyn` are deprecated
[INFO] [stdout]   --> src/errors/mod.rs:92:22
[INFO] [stdout]    |
[INFO] [stdout] 92 |         for cause in Fail::iter_chain(&self.inner) {
[INFO] [stdout]    |                      ^^^^ help: use `dyn`: `<dyn Fail>`
[INFO] [stdout]    |
[INFO] [stdout]    = note: `#[warn(bare_trait_objects)]` on by default
[INFO] [stdout]    = warning: this was previously accepted by the compiler but is being phased out; it will become a hard error in the 2021 edition!
[INFO] [stdout]    = note: for more information, see issue #80165 <https://github.com/rust-lang/rust/issues/80165>
[INFO] [stdout] 
[INFO] [stdout] 
[INFO] [stdout] error[E0599]: no function or associated item named `from_slice` found for struct `keys::PublicKey` in the current scope
[INFO] [stdout]    --> src/kex/secp256k1.rs:239:30
[INFO] [stdout]     |
[INFO] [stdout] 239 |         let pk1 = PublicKey::from_slice(&pk[..]).unwrap();
[INFO] [stdout]     |                              ^^^^^^^^^^ function or associated item not found in `keys::PublicKey`
[INFO] [stdout]     | 
[INFO] [stdout]    ::: src/keys.rs:11:1
[INFO] [stdout]     |
[INFO] [stdout] 11  | pub struct PublicKey(pub Vec<u8>);
[INFO] [stdout]     | ---------------------------------- function or associated item `from_slice` not found for this
[INFO] [stdout]     |
[INFO] [stdout]     = help: items from traits can only be used if the trait is implemented and in scope
[INFO] [stdout]     = note: the following trait defines an item `from_slice`, perhaps you need to implement it:
[INFO] [stdout]             candidate #1: `bstr::ByteVec`
[INFO] [stdout] 
[INFO] [stdout] 
[INFO] [stdout] error: aborting due to 4 previous errors; 1 warning emitted
[INFO] [stdout] 
[INFO] [stdout] 
[INFO] [stdout] Some errors have detailed explanations: E0433, E0599.
[INFO] [stdout] 
[INFO] [stdout] For more information about an error, try `rustc --explain E0433`.
[INFO] [stdout] 
[INFO] [stderr] error: could not compile `ursa`
[INFO] [stderr] 
[INFO] [stderr] To learn more, run the command again with --verbose.
[INFO] running `Command { std: "docker" "inspect" "19c6becd74dbb67159eafc20279314b7e31d14b672fb3dab79e3d613decd0bc0", kill_on_drop: false }`
[INFO] running `Command { std: "docker" "rm" "-f" "19c6becd74dbb67159eafc20279314b7e31d14b672fb3dab79e3d613decd0bc0", kill_on_drop: false }`
[INFO] [stdout] 19c6becd74dbb67159eafc20279314b7e31d14b672fb3dab79e3d613decd0bc0
